te x(n).
-8
Let o(b) be the second derivative of -2*b**3/3 - 28*b**2 - 299*b. Determine o(-14).
0
Suppose -11*o + 110 = 154. Let w(t) = 2*t**2 + 5*t + 7. Calculate w(o).
19
Let a(x) = x**3 + 9*x**2 + 12*x + 14. Let o be a(-7). Suppose 2 = 5*m + 2*d + o, 0 = -3*m + 2*d - 22. Let u(v) = v**2 + 6*v + 5. Calculate u(m).
5
Let n(q) = 21*q + 7. Let a(r) = 18*r + 6. Let v(f) = 5*a(f) - 4*n(f). Determine v(-3).
-16
Let l be (-5)/(-2)*(-41 + 37). Let u(x) = -x**3 - 11*x**2 - 8*x + 3. Give u(l).
-17
Let g(u) = -5*u**2 + 12*u - 11. Let t(h) = 14*h**2 - 34*h + 33. Let w(y) = 17*g(y) + 6*t(y). Calculate w(5).
-14
Let t(j) = j - 3. Suppose 2*x - 7*b + 4*b + 3 = 0, 2*x = b - 9. Let d = x + 7. Suppose -2*s = 2*u - 0*s + 2, -d = -u + s. Determine t(u).
-3
Let y be (18/24)/(1 + (-23)/24). Let m(i) = -9 + y - 8 + i. Calculate m(-1).
0
Let a(d) = 1. Let b(l) = l. Let p(w) = -3*a(w) + 3*b(w). Let r = 142 - 139. Give p(r).
6
Suppose 0 = 2*n - 3*m - 17, -2*n = -3*n + m + 6. Let g(t) = 4*t + 3 + 3*t - 4*t - n. Let b = -8 - -6. Give g(b).
-4
Let k = 11 - 9. Let l be (-4 + -1)/(k + -1). Let f(n) be the second derivative of n**4/12 + 7*n**3/6 - n**2/2 + 2*n. What is f(l)?
-11
Let z(m) = -13*m**3 + 37*m**2 - 20*m + 26. Let h(t) = -3*t**3 + 9*t**2 - 5*t + 6. Let f(c) = 17*h(c) - 4*z(c). Determine f(-6).
-8
Let r(f) = 6*f**2 + 4*f + 37. Let i(z) = -7*z**2 - 5*z - 36. Let m(p) = -3*i(p) - 4*r(p). Let c(l) be the first derivative of m(l). Determine c(-1).
5
Suppose 296 = 33*q + 41*q. Let x(t) be the third derivative of t**5/60 - 5*t**4/24 - 5*t**3/6 + 2*t**2. Calculate x(q).
-9
Let d(o) be the second derivative of o**4/12 - 5*o**3/2 - 25*o**2/2 - 112*o. Give d(17).
9
Let s(g) = -g + 8. Suppose 72 = n - 2*d + 4, -n - 4*d + 80 = 0. Let t be (0 + 2/(-4))/(6/n). Determine s(t).
14
Suppose 3*k - 66 = -8*k. Let f(x) = x**2 - 7*x + 1. Determine f(k).
-5
Let x(w) = w**2 + 8*w - 10. Let c(r) = -2*r**2 - 14*r + 20. Let o(f) = 3*c(f) + 5*x(f). Give o(-7).
-25
Let b(s) = -34 + 11*s**2 + s**3 + 15 - 12*s + 14. Calculate b(-12).
-5
Let u(g) be the second derivative of -g**5/20 - 7*g**4/12 - 3*g**3/2 - 2*g + 8. What is u(-5)?
-5
Let v(q) be the first derivative of q**2/2 - q - 1. Let w be v(6). Let z(c) be the third derivative of -c**5/60 + c**4/8 + c**3/6 - c**2 - 2*c. Give z(w).
-9
Let u(x) = -2*x + 1. Suppose 2*q = 3 - 1. Let p be 1 + 1 + -2 + (q - -2). Determine u(p).
-5
Suppose 16 = -5*t + 41. Suppose -7*x + 48 = -3*x - t*w, -4*w = 0. Let q be 9 + (-1)/(4/x). Let h(f) = 2*f + 1. What is h(q)?
13
Suppose 3*g + 7 = -2*w, 4*w + 45*g = 43*g - 10. Let r(k) = -4*k - 14. Let z(n) = n + 5. Let m(i) = 3*r(i) + 8*z(i). Determine m(w).
6
Let m(d) = -2*d**2 + 4*d - 5. Let b be m(2). Let f(v) = -v**2 - 8*v - 6. Calculate f(b).
9
Suppose y - 8 = 2. Let m(j) = 2*j - y + 2*j - 2*j - j. Calculate m(6).
-4
Let b(g) be the third derivative of -g**6/40 + g**5/60 - 2*g**2 - 22*g. Determine b(-1).
4
Let g(d) be the first derivative of -d**2/2 + 14*d - 546. Calculate g(20).
-6
Let u(r) = 3*r - 7. Let l be u(3). Suppose -t + 3*g = -2*g - 10, 5*t = -5*g - 10. Let n(k) = k**2 + 1 - 2*k**3 - 5*k + t*k**3 + 6*k. Calculate n(l).
-9
Let o(k) = k - 4. Let n(m) = m**3 + m**2 + 2*m + 8. Let g be n(0). Suppose -8*x - g = -6*x. Calculate o(x).
-8
Suppose -4*x + 2*o = -3*x - 11, 0 = -2*x - 4*o - 18. Let d be x - (-5)/(20/344). Let y(h) = -1 - 88*h - 1 + d*h. Give y(6).
-8
Let o = 12 - -18. Let d be o/(-150) - 2/(-10). Let t(b) = -b. What is t(d)?
0
Let c be ((-4)/(-5))/(6/75). Suppose 0*r + c = 5*r. Let d(t) = -r - 3 - 10*t + 9*t. Determine d(-5).
0
Suppose 0 = 3*m - 6 - 9. Let h(v) = -49*v + 46*v + 5 - m. Calculate h(-3).
9
Let k(m) be the third derivative of m**6/120 + m**5/5 + 3*m**4/8 - 11*m**3/6 + 50*m**2 - 2*m. Calculate k(-11).
11
Let y be (-142)/12 - (76/24 + -3). Let u = y + 14. Let d(g) = -5*g + g + 4 - 3. Calculate d(u).
-7
Let f(i) be the third derivative of -7*i**2 - 2/3*i**3 + 0*i - 1/24*i**4 + 0. Determine f(0).
-4
Let n(p) be the first derivative of p**3/3 - 5*p**2/2 + 2*p - 99. What is n(3)?
-4
Let l(p) = p - 1. Let j be l(5). Let w(q) = -5 + j - q**2 - 8*q + 1. Let s(x) = -5*x**2 - 32*x - 1. Let i(g) = 2*s(g) - 9*w(g). What is i(7)?
5
Let j(t) = t**2 + 4*t + 1. Let o(u) = -u**2 - 7*u - 6. Suppose 0 = -2*r - 2*r - 28. Let c be o(r). Determine j(c).
13
Let u = 233 - 240. Let k(i) = -2*i**3 - 15*i**2 - 6*i + 2. Determine k(u).
-5
Let k(u) = -13 + 25 - 8 + 3*u. Calculate k(-3).
-5
Let r(v) = -5 - 1 - 2*v - 4*v + 0. Calculate r(-5).
24
Let b(t) = t**2 - 4*t - 10. Suppose 0 = 4*o + o + j - 39, -3*j - 16 = -4*o. Give b(o).
11
Let o = 55 + -50. Let g(c) = -c**2 + 7*c + 2. Give g(o).
12
Let d be 0/(4/(-2)) + 2. Let s be 3/(-12)*-4*2. Let x(o) = 0*o**2 - s*o - 1 + 0*o**d - o**2 + 7*o**3. Give x(-1).
-7
Let o(t) = -2*t + 7 + 6*t - 3. Give o(-2).
-4
Let i(b) = -b + 6. Suppose 3 = -c - 3*k, 4*k - 1 = -3*c + 5*k. Let s = c + 6. What is i(s)?
0
Let f be 78/(-13) - (2 - 1). Let y(r) = -r**2 - 6*r + 2. Let x be y(f). Let h(i) be the second derivative of i**3/6 + 7*i**2/2 - 3*i. Calculate h(x).
2
Let h(s) = s**3 + 2*s**2 - 4*s. Let a(r) = r**2 + 12*r + 13. Let i be a(-11). Suppose 0 = -3*f + 3, 0 = 2*z + 5*f - f + i. Calculate h(z).
3
Let b(d) be the third derivative of -d**5/60 - 13*d**4/24 - 3*d**3/2 + 83*d**2. Give b(-12).
3
Let j(i) = -2*i + 4*i - 8*i + 7*i. Let r(t) = 9*t + 1. Let x(v) = 5*j(v) - r(v). Calculate x(-1).
3
Let t = 535 + -525. Let f(i) = -3*i + 13. What is f(t)?
-17
Let m be (8/(-2))/((-2 + 1)*2). Suppose f - 6 = -m. Let d(i) = -i**3 + 5*i**2 - 4*i - 4. Give d(f).
-4
Let t(a) = -a - 3. Suppose 6*n + 4 = 22. Suppose 4*d = d - 3*h + n, h = d + 7. Calculate t(d).
0
Suppose g - 9 - 4 = 3*p, 5*p = -4*g + 103. Let a = g - -26. Let f be (-18)/7 + a/84. Let w(y) = -2*y**2 + 3*y + 1. Determine w(f).
-13
Suppose 3 = 2*g - 1. Let l(a) be the first derivative of -3*a**2/2 - 2*a - 70. Give l(g).
-8
Suppose 26*w - y - 2 = 25*w, 5*y = -5*w + 40. Let o(k) = k**2 - 3*k - 21. Give o(w).
-11
Let f(z) = -z**3 + 7*z**2 + z - 1. Suppose 153 = 24*k + 9. Calculate f(k).
41
Suppose -4*p - v = -2*p + 3, -5*p + v - 25 = 0. Let h(f) be the first derivative of 3*f**2 + 1/3*f**3 + 6*f + 20. Calculate h(p).
-2
Let k(c) be the first derivative of c**5/30 - c**4/12 - c**3/6 - 3*c**2/2 - 38. Let h(d) be the second derivative of k(d). Give h(2).
3
Let x(k) be the third derivative of -k**5/10 - k**4/12 + k**2 + 99. Calculate x(-2).
-20
Suppose -3*h + 3*r = -15, r - 1 = -6. Let v(u) = h*u + 178 - 180 - 3*u. Determine v(6).
-20
Let v(k) = 11 + 9 + 44*k - 45*k. What is v(16)?
4
Let o(z) = 3 + z**3 - 4*z**2 + 5 - 3*z**2. Suppose -196*v + 1448 - 76 = 0. Determine o(v).
8
Let r(k) = -k**2 + 14*k + 5. Let w be r(14). Suppose -h + w = -1. Let f be 9/h*(-8)/6. Let l(x) = -x**3 - x**2 - 2. Give l(f).
2
Let i(r) = -r**2 - 2*r + 4. Let d = -2 - -22. Let x = d - 11. Let m be (30/(-9) + 3)*x. Determine i(m).
1
Let v(l) be the third derivative of 0*l**4 - 1/3*l**3 - 1/30*l**5 + 0*l + 0 - 21*l**2. Give v(-2).
-10
Suppose -f - 29 = 3*m, 38 = -0*m - 2*m + 4*f. Let u(a) = a**2 + 10*a - 9. Let v be u(m). Let w(p) = 3*p**v + 45 + 3*p**3 - 45 - 3*p - 2*p**3. Determine w(-4).
-4
Let q(x) = 6*x**3 - 10*x + 3. Let u(n) = 7*n**3 + n**2 - 11*n + 5. Let l(b) = -6*q(b) + 5*u(b). Calculate l(6).
1
Let m be -4*(-21)/(-14) + (3 - 3). Let c(x) = 2*x**2 + 9*x + 10. Give c(m).
28
Suppose -2*h = -4*h + 10. Let d be (-4)/6*(0 - 3). Let r(m) = -7*m**2 + 5*m + 8. Let f(y) = 3*y**2 - 3*y - 4. Let t(g) = d*r(g) + 5*f(g). Give t(h).
-4
Let m = -65 + 109. Let w be 2/(-11) + 96/m. Let z(r) = -r + 3*r + 25*r**2 - 26*r**w + 1. Calculate z(2).
1
Suppose -3*j + 3 = -6. Suppose -j*d = d. Let v(l) = l**3 + 12. Determine v(d).
12
Let x(n) = 7*n**2 + 16*n - 6*n**2 - 28*n + 14. Give x(11).
3
Let z(p) be the second derivative of p**3/6 - 15*p**2/2 + 155*p. Give z(-4).
-19
Suppose -r = -4*r + 9. Let m(i) = -4*i**3 + 3*i**3 + i**r + 5*i**2 - 6*i - i**3. Let l be -1 + 2 + (-3 - -6). Calculate m(l).
-8
Let j(m) = m**2 - 6*m + 5. Let g = 15 + -22. Let h(o) = 12*o**2 - 1. Let r be h(1). Let s = g + r. Give j(s).
-3
Let g(f) be the second derivative of f**5/20 + 7*f**4/12 + f**3/2 - f**2/2 - 160*f. Let q(y) = 4*y + 1. Let v be q(-2). Calculate g(v).
-22
Let m(i) = i**2 - 6*i. Suppose 3*u + 4